{"id":132,"date":"2014-11-23T18:16:53","date_gmt":"2014-11-23T18:16:53","guid":{"rendered":"http:\/\/sabine-hartmann-sibbesse.de\/?page_id=132"},"modified":"2014-11-23T18:17:12","modified_gmt":"2014-11-23T18:17:12","slug":"ueber-mich","status":"publish","type":"page","link":"https:\/\/sabine-hartmann-sibbesse.de\/?page_id=132","title":{"rendered":"\u00dcber mich"},"content":{"rendered":"<p><strong>Kurzvita<br \/>\n<\/strong>Ich, geboren 1962 in Berlin West, bin verheiratet und habe zwei S\u00f6hne. Dreizehn Jahre habe ich freiberuflich als staatlich anerkannte \u00dcbersetzerin mit den Sprachen Englisch, Franz\u00f6sisch, Spanisch und Italienisch gearbeitet.<br \/>\nVom 1.02.1999 bis 31.1.2011 arbeitete ich als Lehrerin an Hauptschulen in Aerzen und Sarstedt. Seit 1.2.2011 bin ich Schulleiterin einer Hauptschule.<br \/>\nIch bin Mitglied bei den \u201eM\u00f6rderischen Schwestern\u201c (fr\u00fcher; \u201eSisters in Crime\u201c) und im \u201eSyndikat\u201c.<br \/>\nIn Lesungen, Vortr\u00e4gen und Schreibworkshops interessiere ich auch andere f\u00fcr Krimis.<br \/>\nKurzkrimis, die in Anthologien und Zeitschriften erschienen sind, haben Preise und Auszeichnungen gewonnen.<\/p>\n","protected":false},"excerpt":{"rendered":"<p>Kurzvita Ich, geboren 1962 in Berlin West, bin verheiratet und habe zwei S\u00f6hne. Dreizehn Jahre habe ich freiberuflich als staatlich anerkannte \u00dcbersetzerin mit den Sprachen Englisch, Franz\u00f6sisch, Spanisch und Italienisch gearbeitet. Vom 1.02.1999 bis 31.1.2011 arbeitete ich als Lehrerin an Hauptschulen in Aerzen und Sarstedt. Seit 1.2.2011 bin ich Schulleiterin einer Hauptschule. Ich bin Mitglied [&hellip;]<\/p>\n","protected":false},"author":1,"featured_media":0,"parent":0,"menu_order":7,"comment_status":"open","ping_status":"open","template":"","meta":{"footnotes":""},"class_list":["post-132","page","type-page","status-publish","hentry"],"_links":{"self":[{"href":"https:\/\/sabine-hartmann-sibbesse.de\/index.php?rest_route=\/wp\/v2\/pages\/132","targetHints":{"allow":["GET"]}}],"collection":[{"href":"https:\/\/sabine-hartmann-sibbesse.de\/index.php?rest_route=\/wp\/v2\/pages"}],"about":[{"href":"https:\/\/sabine-hartmann-sibbesse.de\/index.php?rest_route=\/wp\/v2\/types\/page"}],"author":[{"embeddable":true,"href":"https:\/\/sabine-hartmann-sibbesse.de\/index.php?rest_route=\/wp\/v2\/users\/1"}],"replies":[{"embeddable":true,"href":"https:\/\/sabine-hartmann-sibbesse.de\/index.php?rest_route=%2Fwp%2Fv2%2Fcomments&post=132"}],"version-history":[{"count":1,"href":"https:\/\/sabine-hartmann-sibbesse.de\/index.php?rest_route=\/wp\/v2\/pages\/132\/revisions"}],"predecessor-version":[{"id":133,"href":"https:\/\/sabine-hartmann-sibbesse.de\/index.php?rest_route=\/wp\/v2\/pages\/132\/revisions\/133"}],"wp:attachment":[{"href":"https:\/\/sabine-hartmann-sibbesse.de\/index.php?rest_route=%2Fwp%2Fv2%2Fmedia&parent=132"}],"curies":[{"name":"wp","href":"https:\/\/api.w.org\/{rel}","templated":true}]}}