{"id":65,"date":"2014-11-23T16:54:06","date_gmt":"2014-11-23T16:54:06","guid":{"rendered":"http:\/\/sabine-hartmann-sibbesse.de\/?page_id=65"},"modified":"2014-11-23T16:54:06","modified_gmt":"2014-11-23T16:54:06","slug":"wutbuerger","status":"publish","type":"page","link":"http:\/\/sabine-hartmann-sibbesse.de\/?page_id=65","title":{"rendered":"Wutb\u00fcrger"},"content":{"rendered":"<p><a href=\"http:\/\/sabine-hartmann-sibbesse.de\/wp-content\/uploads\/2014\/11\/Wutb\u00fcrger_Cover_S1_200.jpg\"><img loading=\"lazy\" decoding=\"async\" class=\"alignright wp-image-66 size-medium\" src=\"http:\/\/sabine-hartmann-sibbesse.de\/wp-content\/uploads\/2014\/11\/Wutb\u00fcrger_Cover_S1_200-197x300.jpg\" alt=\"Wutb\u00fcrger_Cover_S1_200\" width=\"197\" height=\"300\" srcset=\"http:\/\/sabine-hartmann-sibbesse.de\/wp-content\/uploads\/2014\/11\/Wutb\u00fcrger_Cover_S1_200-197x300.jpg 197w, http:\/\/sabine-hartmann-sibbesse.de\/wp-content\/uploads\/2014\/11\/Wutb\u00fcrger_Cover_S1_200.jpg 200w\" sizes=\"auto, (max-width: 197px) 100vw, 197px\" \/><\/a>Tiefbauunternehmer Kellermann wird tot in seinem B\u00fcro aufgefunden. Das Team um Kommissarin Grundberg ermittelt zuerst in seinem privaten Umfeld, denn Kellermann wollte die Firma an seinen Sohn \u00fcbergeben und zuvor noch einen letzten Auftrag abwickeln. Als Arch\u00e4ologen bei Grabungen einen aufsehenerregenden Fund ans Licht bringen, bahnt sich eine weitere Katastrophe an. W\u00fctende B\u00fcrger r\u00fccken neben ehrgeizigen Politikern und r\u00fchrigen Natursch\u00fctzern in den Fokus der Ermittler \u2026 und pl\u00f6tzlich verschwindet auch noch Grundbergs Partner spurlos.<\/p>\n<p>C.W. Niemeyer Verlag, ISBN 978-3-8271-9463-3, M\u00e4rz 2014, 376 Seiten, 9,95 \u20ac<\/p>\n","protected":false},"excerpt":{"rendered":"<p>Tiefbauunternehmer Kellermann wird tot in seinem B\u00fcro aufgefunden. Das Team um Kommissarin Grundberg ermittelt zuerst in seinem privaten Umfeld, denn Kellermann wollte die Firma an seinen Sohn \u00fcbergeben und zuvor noch einen letzten Auftrag abwickeln. Als Arch\u00e4ologen bei Grabungen einen aufsehenerregenden Fund ans Licht bringen, bahnt sich eine weitere Katastrophe an. W\u00fctende B\u00fcrger r\u00fccken neben [&hellip;]<\/p>\n","protected":false},"author":1,"featured_media":0,"parent":16,"menu_order":0,"comment_status":"open","ping_status":"open","template":"","meta":{"footnotes":""},"class_list":["post-65","page","type-page","status-publish","hentry"],"_links":{"self":[{"href":"http:\/\/sabine-hartmann-sibbesse.de\/index.php?rest_route=\/wp\/v2\/pages\/65","targetHints":{"allow":["GET"]}}],"collection":[{"href":"http:\/\/sabine-hartmann-sibbesse.de\/index.php?rest_route=\/wp\/v2\/pages"}],"about":[{"href":"http:\/\/sabine-hartmann-sibbesse.de\/index.php?rest_route=\/wp\/v2\/types\/page"}],"author":[{"embeddable":true,"href":"http:\/\/sabine-hartmann-sibbesse.de\/index.php?rest_route=\/wp\/v2\/users\/1"}],"replies":[{"embeddable":true,"href":"http:\/\/sabine-hartmann-sibbesse.de\/index.php?rest_route=%2Fwp%2Fv2%2Fcomments&post=65"}],"version-history":[{"count":1,"href":"http:\/\/sabine-hartmann-sibbesse.de\/index.php?rest_route=\/wp\/v2\/pages\/65\/revisions"}],"predecessor-version":[{"id":67,"href":"http:\/\/sabine-hartmann-sibbesse.de\/index.php?rest_route=\/wp\/v2\/pages\/65\/revisions\/67"}],"up":[{"embeddable":true,"href":"http:\/\/sabine-hartmann-sibbesse.de\/index.php?rest_route=\/wp\/v2\/pages\/16"}],"wp:attachment":[{"href":"http:\/\/sabine-hartmann-sibbesse.de\/index.php?rest_route=%2Fwp%2Fv2%2Fmedia&parent=65"}],"curies":[{"name":"wp","href":"https:\/\/api.w.org\/{rel}","templated":true}]}}