{"id":51,"date":"2014-11-23T16:41:41","date_gmt":"2014-11-23T16:41:41","guid":{"rendered":"http:\/\/sabine-hartmann-sibbesse.de\/?page_id=51"},"modified":"2023-11-26T11:43:50","modified_gmt":"2023-11-26T11:43:50","slug":"kurzkrimis","status":"publish","type":"page","link":"http:\/\/sabine-hartmann-sibbesse.de\/?page_id=51","title":{"rendered":"\u00dcbers Schreiben"},"content":{"rendered":"\n<p>Diese Lehr- und Arbeitsb\u00fcchlein sind im Format A6 und passen in jede Hosen- oder Handtasche. So kann man unterwegs lesen und schreiben. B\u00e4nde zu weiteren Themen folgen demn\u00e4chst.<\/p>\n\n\n\n<p><a href=\"http:\/\/sabine-hartmann-sibbesse.de\/?page_id=394\">K\u00fcrzestkrimis schreiben<\/a><\/p>\n\n\n\n<p><a href=\"http:\/\/sabine-hartmann-sibbesse.de\/?p=545\">Gedichte schreiben<\/a><\/p>\n\n\n\n<p><a href=\"http:\/\/sabine-hartmann-sibbesse.de\/?page_id=582\">50 Schreib-Kicks f\u00fcr die Hosentasche<\/a><\/p>\n\n\n\n<p><a href=\"http:\/\/sabine-hartmann-sibbesse.de\/?page_id=651\">Notizbuch f\u00fcr die Hosentasche<\/a><\/p>\n\n\n\n<p><a href=\"http:\/\/sabine-hartmann-sibbesse.de\/?page_id=663\">M\u00e4rchen schreiben<\/a><\/p>\n\n\n\n<p><a href=\"http:\/\/sabine-hartmann-sibbesse.de\/?page_id=1142\">Flash Fiction<\/a><\/p>\n\n\n\n<p><a href=\"http:\/\/sabine-hartmann-sibbesse.de\/?page_id=1114\">Der Weg zur Geschichte &#8211; Ein Schreibratgeber (nicht nur) f\u00fcr Kids<\/a><\/p>\n\n\n\n<p><a href=\"http:\/\/sabine-hartmann-sibbesse.de\/wp-admin\/post.php?post=1119&amp;action=edit\">Der Weg zur Geschichte &#8211; Ein Reisebegleiter f\u00fcr AutorInnen<\/a><\/p>\n\n\n\n<p><a href=\"http:\/\/sabine-hartmann-sibbesse.de\/?p=1220\" data-type=\"post\" data-id=\"1220\">Zauber der Worte &#8211; Ein Leitfaden zum Schreiben von Fantasy<\/a><\/p>\n\n\n\n<p><a href=\"http:\/\/sabine-hartmann-sibbesse.de\/?page_id=1242\" data-type=\"link\" data-id=\"http:\/\/sabine-hartmann-sibbesse.de\/?page_id=1242\">Von der Veranstaltung zur Schlagzeile &#8211; Ein Leitfaden f\u00fcr Pressearbeit<\/a><\/p>\n","protected":false},"excerpt":{"rendered":"<p>Diese Lehr- und Arbeitsb\u00fcchlein sind im Format A6 und passen in jede Hosen- oder Handtasche. So kann man unterwegs lesen und schreiben. B\u00e4nde zu weiteren Themen folgen demn\u00e4chst. K\u00fcrzestkrimis schreiben Gedichte schreiben 50 Schreib-Kicks f\u00fcr die Hosentasche Notizbuch f\u00fcr die Hosentasche M\u00e4rchen schreiben Flash Fiction Der Weg zur Geschichte &#8211; Ein Schreibratgeber (nicht nur) f\u00fcr [&hellip;]<\/p>\n","protected":false},"author":1,"featured_media":0,"parent":0,"menu_order":0,"comment_status":"open","ping_status":"open","template":"","meta":{"footnotes":""},"class_list":["post-51","page","type-page","status-publish","hentry"],"_links":{"self":[{"href":"http:\/\/sabine-hartmann-sibbesse.de\/index.php?rest_route=\/wp\/v2\/pages\/51","targetHints":{"allow":["GET"]}}],"collection":[{"href":"http:\/\/sabine-hartmann-sibbesse.de\/index.php?rest_route=\/wp\/v2\/pages"}],"about":[{"href":"http:\/\/sabine-hartmann-sibbesse.de\/index.php?rest_route=\/wp\/v2\/types\/page"}],"author":[{"embeddable":true,"href":"http:\/\/sabine-hartmann-sibbesse.de\/index.php?rest_route=\/wp\/v2\/users\/1"}],"replies":[{"embeddable":true,"href":"http:\/\/sabine-hartmann-sibbesse.de\/index.php?rest_route=%2Fwp%2Fv2%2Fcomments&post=51"}],"version-history":[{"count":23,"href":"http:\/\/sabine-hartmann-sibbesse.de\/index.php?rest_route=\/wp\/v2\/pages\/51\/revisions"}],"predecessor-version":[{"id":1244,"href":"http:\/\/sabine-hartmann-sibbesse.de\/index.php?rest_route=\/wp\/v2\/pages\/51\/revisions\/1244"}],"wp:attachment":[{"href":"http:\/\/sabine-hartmann-sibbesse.de\/index.php?rest_route=%2Fwp%2Fv2%2Fmedia&parent=51"}],"curies":[{"name":"wp","href":"https:\/\/api.w.org\/{rel}","templated":true}]}}