{"id":35,"date":"2014-11-23T16:27:53","date_gmt":"2014-11-23T16:27:53","guid":{"rendered":"http:\/\/sabine-hartmann-sibbesse.de\/?page_id=35"},"modified":"2014-11-23T16:33:07","modified_gmt":"2014-11-23T16:33:07","slug":"ausweichmanoever","status":"publish","type":"page","link":"http:\/\/sabine-hartmann-sibbesse.de\/?page_id=35","title":{"rendered":"Ausweichman\u00f6ver"},"content":{"rendered":"<p><a href=\"http:\/\/sabine-hartmann-sibbesse.de\/wp-content\/uploads\/2014\/11\/Ausweichman\u00f6ver_3.jpg\"><img loading=\"lazy\" decoding=\"async\" class=\"alignright wp-image-37 size-medium\" src=\"http:\/\/sabine-hartmann-sibbesse.de\/wp-content\/uploads\/2014\/11\/Ausweichman\u00f6ver_3-197x300.jpg\" alt=\"Ausweichman\u00f6ver_3\" width=\"197\" height=\"300\" srcset=\"http:\/\/sabine-hartmann-sibbesse.de\/wp-content\/uploads\/2014\/11\/Ausweichman\u00f6ver_3-197x300.jpg 197w, http:\/\/sabine-hartmann-sibbesse.de\/wp-content\/uploads\/2014\/11\/Ausweichman\u00f6ver_3.jpg 295w\" sizes=\"auto, (max-width: 197px) 100vw, 197px\" \/><\/a>Ein heftiger \u00dcberfall auf das Campe-Gymnasium verst\u00f6rt die Weserstadt Holzminden. Scheinbar wahllos schie\u00dft der unbekannte T\u00e4ter um sich. Lehrer und Sch\u00fcler werden kaltbl\u00fctig hingerichtet. War das Attentat lange vorbereitet, was wollte er mit dieser Tat erreichen? Kommissar Stefan Ollner vermutet, dass die Waffe aus einem der mysteri\u00f6sen Einbr\u00fcche stammt, auf die er sich gemeinsam mit seinem jungen Kollegen Kofi in den letzten Monaten konzentriert hatte. Ob auch der gestohlene Neuwagen eines Lehrers eine Rolle spielt? Ollner rennt die Zeit davon, er und sein Team arbeiten fieberhaft, um die heiklen Zusammenh\u00e4nge und Verwicklungen aufzul\u00f6sen, bevor noch mehr unschuldige Menschen sterben m\u00fcssen.<\/p>\n<p>C.W. Niemeyer Verlag, ISBN 978-3-8271-9405-3, Oktober 2011, 328 Seiten, 9,95 \u20ac<\/p>\n","protected":false},"excerpt":{"rendered":"<p>Ein heftiger \u00dcberfall auf das Campe-Gymnasium verst\u00f6rt die Weserstadt Holzminden. Scheinbar wahllos schie\u00dft der unbekannte T\u00e4ter um sich. Lehrer und Sch\u00fcler werden kaltbl\u00fctig hingerichtet. War das Attentat lange vorbereitet, was wollte er mit dieser Tat erreichen? Kommissar Stefan Ollner vermutet, dass die Waffe aus einem der mysteri\u00f6sen Einbr\u00fcche stammt, auf die er sich gemeinsam mit [&hellip;]<\/p>\n","protected":false},"author":1,"featured_media":0,"parent":16,"menu_order":0,"comment_status":"open","ping_status":"open","template":"","meta":{"footnotes":""},"class_list":["post-35","page","type-page","status-publish","hentry"],"_links":{"self":[{"href":"http:\/\/sabine-hartmann-sibbesse.de\/index.php?rest_route=\/wp\/v2\/pages\/35","targetHints":{"allow":["GET"]}}],"collection":[{"href":"http:\/\/sabine-hartmann-sibbesse.de\/index.php?rest_route=\/wp\/v2\/pages"}],"about":[{"href":"http:\/\/sabine-hartmann-sibbesse.de\/index.php?rest_route=\/wp\/v2\/types\/page"}],"author":[{"embeddable":true,"href":"http:\/\/sabine-hartmann-sibbesse.de\/index.php?rest_route=\/wp\/v2\/users\/1"}],"replies":[{"embeddable":true,"href":"http:\/\/sabine-hartmann-sibbesse.de\/index.php?rest_route=%2Fwp%2Fv2%2Fcomments&post=35"}],"version-history":[{"count":4,"href":"http:\/\/sabine-hartmann-sibbesse.de\/index.php?rest_route=\/wp\/v2\/pages\/35\/revisions"}],"predecessor-version":[{"id":42,"href":"http:\/\/sabine-hartmann-sibbesse.de\/index.php?rest_route=\/wp\/v2\/pages\/35\/revisions\/42"}],"up":[{"embeddable":true,"href":"http:\/\/sabine-hartmann-sibbesse.de\/index.php?rest_route=\/wp\/v2\/pages\/16"}],"wp:attachment":[{"href":"http:\/\/sabine-hartmann-sibbesse.de\/index.php?rest_route=%2Fwp%2Fv2%2Fmedia&parent=35"}],"curies":[{"name":"wp","href":"https:\/\/api.w.org\/{rel}","templated":true}]}}