{"id":332,"date":"2016-06-29T11:48:38","date_gmt":"2016-06-29T11:48:38","guid":{"rendered":"http:\/\/sabine-hartmann-sibbesse.de\/?page_id=332"},"modified":"2016-06-29T11:48:38","modified_gmt":"2016-06-29T11:48:38","slug":"peine-stahlhart-todsicher","status":"publish","type":"page","link":"http:\/\/sabine-hartmann-sibbesse.de\/?page_id=332","title":{"rendered":"Peine &#8211; stahlhart &#038; todsicher"},"content":{"rendered":"<p>Peine in Panik. Der B\u00fcrgerk\u00f6nig stirbt, bevor er gekr\u00f6nt werden kann. Die Polizei ermittelt mit Hochdruck. Muss das Peiner Freischie\u00dfen abgesagt werden?<\/p>\n<p>Nicht nur dieses allj\u00e4hrliche Ereignis lockt zwielichtige Gestalten nach in die Fuhsestadt. Kleingartenkolonien, der alte Friedhof und der Burgpark werden pl\u00f6tzlich zum Tatort.<a href=\"http:\/\/sabine-hartmann-sibbesse.de\/wp-content\/uploads\/2016\/06\/Titel-Peine.png\"><img loading=\"lazy\" decoding=\"async\" class=\"alignnone size-medium wp-image-333 alignright\" src=\"http:\/\/sabine-hartmann-sibbesse.de\/wp-content\/uploads\/2016\/06\/Titel-Peine-197x300.png\" alt=\"Titel Peine\" width=\"197\" height=\"300\" srcset=\"http:\/\/sabine-hartmann-sibbesse.de\/wp-content\/uploads\/2016\/06\/Titel-Peine-197x300.png 197w, http:\/\/sabine-hartmann-sibbesse.de\/wp-content\/uploads\/2016\/06\/Titel-Peine.png 527w\" sizes=\"auto, (max-width: 197px) 100vw, 197px\" \/><\/a><\/p>\n<p>Wer Peine f\u00fcr eine harmlose Kleinstadt h\u00e4lt, irrt sich gewaltig. Das beweisen die Kurzkrimis der 12 Krimiautoren auf perfide, humorvolle und \u00fcberraschende Art.<\/p>\n<p>Begleiten Sie die Ermittler auf einer rasanten Jagd durch die die Stahlstadt und ihr Umland.<\/p>\n<p>Bitte jetzt vorbestellen. Kostenlose Lieferung erfolgt ab dem 1.9.2016. Auf Wunsch signiert &#8211; bitte geben Sie den Namen desjenigen an, f\u00fcr den die Signatur erfolgen soll, eventuell auch den Anlass, falls es sich um ein Geschenk handelt.<\/p>\n","protected":false},"excerpt":{"rendered":"<p>Peine in Panik. Der B\u00fcrgerk\u00f6nig stirbt, bevor er gekr\u00f6nt werden kann. Die Polizei ermittelt mit Hochdruck. Muss das Peiner Freischie\u00dfen abgesagt werden? Nicht nur dieses allj\u00e4hrliche Ereignis lockt zwielichtige Gestalten nach in die Fuhsestadt. Kleingartenkolonien, der alte Friedhof und der Burgpark werden pl\u00f6tzlich zum Tatort. Wer Peine f\u00fcr eine harmlose Kleinstadt h\u00e4lt, irrt sich gewaltig. [&hellip;]<\/p>\n","protected":false},"author":1,"featured_media":0,"parent":176,"menu_order":1,"comment_status":"closed","ping_status":"closed","template":"","meta":{"footnotes":""},"class_list":["post-332","page","type-page","status-publish","hentry"],"_links":{"self":[{"href":"http:\/\/sabine-hartmann-sibbesse.de\/index.php?rest_route=\/wp\/v2\/pages\/332","targetHints":{"allow":["GET"]}}],"collection":[{"href":"http:\/\/sabine-hartmann-sibbesse.de\/index.php?rest_route=\/wp\/v2\/pages"}],"about":[{"href":"http:\/\/sabine-hartmann-sibbesse.de\/index.php?rest_route=\/wp\/v2\/types\/page"}],"author":[{"embeddable":true,"href":"http:\/\/sabine-hartmann-sibbesse.de\/index.php?rest_route=\/wp\/v2\/users\/1"}],"replies":[{"embeddable":true,"href":"http:\/\/sabine-hartmann-sibbesse.de\/index.php?rest_route=%2Fwp%2Fv2%2Fcomments&post=332"}],"version-history":[{"count":1,"href":"http:\/\/sabine-hartmann-sibbesse.de\/index.php?rest_route=\/wp\/v2\/pages\/332\/revisions"}],"predecessor-version":[{"id":334,"href":"http:\/\/sabine-hartmann-sibbesse.de\/index.php?rest_route=\/wp\/v2\/pages\/332\/revisions\/334"}],"up":[{"embeddable":true,"href":"http:\/\/sabine-hartmann-sibbesse.de\/index.php?rest_route=\/wp\/v2\/pages\/176"}],"wp:attachment":[{"href":"http:\/\/sabine-hartmann-sibbesse.de\/index.php?rest_route=%2Fwp%2Fv2%2Fmedia&parent=332"}],"curies":[{"name":"wp","href":"https:\/\/api.w.org\/{rel}","templated":true}]}}