{"id":1231,"date":"2023-10-31T09:46:17","date_gmt":"2023-10-31T09:46:17","guid":{"rendered":"http:\/\/sabine-hartmann-sibbesse.de\/?page_id=1231"},"modified":"2023-10-31T09:46:17","modified_gmt":"2023-10-31T09:46:17","slug":"du-schuldest-mir-noch-was-der-2-holle-krimi-mit-illustrationen-von-volker-witteczek","status":"publish","type":"page","link":"http:\/\/sabine-hartmann-sibbesse.de\/?page_id=1231","title":{"rendered":"Du schuldest mir noch was &#8211; der 2. Holle-Krimi mit Illustrationen von Volker Witteczek"},"content":{"rendered":"\n<figure class=\"wp-block-image size-full\"><a href=\"http:\/\/sabine-hartmann-sibbesse.de\/wp-content\/uploads\/2023\/04\/Titel-Holle2-2.jpg\"><img loading=\"lazy\" decoding=\"async\" width=\"464\" height=\"737\" src=\"http:\/\/sabine-hartmann-sibbesse.de\/wp-content\/uploads\/2023\/04\/Titel-Holle2-2.jpg\" alt=\"\" class=\"wp-image-1201\" srcset=\"http:\/\/sabine-hartmann-sibbesse.de\/wp-content\/uploads\/2023\/04\/Titel-Holle2-2.jpg 464w, http:\/\/sabine-hartmann-sibbesse.de\/wp-content\/uploads\/2023\/04\/Titel-Holle2-2-189x300.jpg 189w\" sizes=\"auto, (max-width: 464px) 100vw, 464px\" \/><\/a><\/figure>\n\n\n\n<p>In Holle ist die H\u00f6lle los: \u00dcberfall auf den Backshop, Diebstahl eines Postautos, Vandalismus, und dann werden auch noch Gem\u00e4lde einer Ausstellung im Glashaus zerst\u00f6rt. Bea wieder mittendrin.<\/p>\n\n\n\n<p>Ein Toter in Frankfurt und die Goldene Hulda halten sie auf Trab.<\/p>\n\n\n\n<p>Fr\u00e4ulein Wiese bleibt nicht die Einzige, die alte Schulden eintreibt.<\/p>\n\n\n\n<p>K\u00f6nnen Nils, Kwonk und Bea die F\u00e4den rechtzeitig entwirren?<\/p>\n","protected":false},"excerpt":{"rendered":"<p>In Holle ist die H\u00f6lle los: \u00dcberfall auf den Backshop, Diebstahl eines Postautos, Vandalismus, und dann werden auch noch Gem\u00e4lde einer Ausstellung im Glashaus zerst\u00f6rt. Bea wieder mittendrin. Ein Toter in Frankfurt und die Goldene Hulda halten sie auf Trab. Fr\u00e4ulein Wiese bleibt nicht die Einzige, die alte Schulden eintreibt. K\u00f6nnen Nils, Kwonk und Bea [&hellip;]<\/p>\n","protected":false},"author":1,"featured_media":0,"parent":16,"menu_order":6,"comment_status":"closed","ping_status":"closed","template":"","meta":{"footnotes":""},"class_list":["post-1231","page","type-page","status-publish","hentry"],"_links":{"self":[{"href":"http:\/\/sabine-hartmann-sibbesse.de\/index.php?rest_route=\/wp\/v2\/pages\/1231","targetHints":{"allow":["GET"]}}],"collection":[{"href":"http:\/\/sabine-hartmann-sibbesse.de\/index.php?rest_route=\/wp\/v2\/pages"}],"about":[{"href":"http:\/\/sabine-hartmann-sibbesse.de\/index.php?rest_route=\/wp\/v2\/types\/page"}],"author":[{"embeddable":true,"href":"http:\/\/sabine-hartmann-sibbesse.de\/index.php?rest_route=\/wp\/v2\/users\/1"}],"replies":[{"embeddable":true,"href":"http:\/\/sabine-hartmann-sibbesse.de\/index.php?rest_route=%2Fwp%2Fv2%2Fcomments&post=1231"}],"version-history":[{"count":1,"href":"http:\/\/sabine-hartmann-sibbesse.de\/index.php?rest_route=\/wp\/v2\/pages\/1231\/revisions"}],"predecessor-version":[{"id":1232,"href":"http:\/\/sabine-hartmann-sibbesse.de\/index.php?rest_route=\/wp\/v2\/pages\/1231\/revisions\/1232"}],"up":[{"embeddable":true,"href":"http:\/\/sabine-hartmann-sibbesse.de\/index.php?rest_route=\/wp\/v2\/pages\/16"}],"wp:attachment":[{"href":"http:\/\/sabine-hartmann-sibbesse.de\/index.php?rest_route=%2Fwp%2Fv2%2Fmedia&parent=1231"}],"curies":[{"name":"wp","href":"https:\/\/api.w.org\/{rel}","templated":true}]}}